{"id":365,"date":"2023-03-27T14:37:18","date_gmt":"2023-03-27T12:37:18","guid":{"rendered":"https:\/\/lesmyosotis.be\/?page_id=365"},"modified":"2026-04-17T17:45:08","modified_gmt":"2026-04-17T15:45:08","slug":"evenements","status":"publish","type":"page","link":"https:\/\/lesmyosotis.be\/?page_id=365","title":{"rendered":"\u00c9v\u00e9nements"},"content":{"rendered":"\n<p><\/p>\n\n\n\n<p>JOURN\u00c9ES DE RESSOURCEMENT 2026 :<br><a href=\"https:\/\/lesmyosotis.be\/?page_id=368\" data-type=\"link\" data-id=\"https:\/\/lesmyosotis.be\/?page_id=368\" target=\"_blank\" rel=\"noreferrer noopener\">21 f\u00e9vrier, 28 mars, 18 avril, 14 mai (jeudi), 20 juin, 10 octobre, 7 novembre<\/a><\/p>\n\n\n\n<p>RETRAITES :<\/p>\n\n\n\n<p><a href=\"https:\/\/lesmyosotis.be\/?page_id=845\" data-type=\"page\" data-id=\"845\">\u00ab\u00a0Pri\u00e8re du Coeur\u00a0\u00bb du 30 avril au 2 mai (Eva Dehon)<\/a><\/p>\n\n\n\n<p><a href=\"https:\/\/lesmyosotis.be\/?page_id=850\" data-type=\"page\" data-id=\"850\">\u00ab\u00a0La voie de la confiance et de l&rsquo;amour avec Th\u00e9r\u00e8se de Lisieux\u00a0\u00bb du 23 au 25 octobre (Eva Dehon)<\/a><\/p>\n\n\n\n<p><a href=\"?page_id=580\">\u00ab\u00a0No\u00ebl Autrement\u00a0\u00bb du 27 au 29 novembre 2026<em>&nbsp;<\/em>:<\/a> sujet nouveau mais m\u00eame concept que les ann\u00e9es pr\u00e9c\u00e9dentes : pour les personnes ayant des difficult\u00e9s avec la p\u00e9riode de No\u00ebl, passer le premier week-end de l&rsquo;Avent \u00ab\u00a0Autrement\u00a0\u00bb !<\/p>\n\n\n\n<p>ATELIERS :<\/p>\n\n\n\n<p><a href=\"https:\/\/lesmyosotis.be\/?page_id=706\" data-type=\"link\" data-id=\"https:\/\/lesmyosotis.be\/?page_id=706\" target=\"_blank\" rel=\"noreferrer noopener\">Ateliers Aquarelle (Helga Kahl) du 4 au 5 ao\u00fbt 2026.<\/a><\/p>\n\n\n\n<p><a href=\"https:\/\/lesmyosotis.be\/?page_id=806\">Atelier Chemins de vie du 30 au 31 octobre 2026 (Eric Jehin, Eric Dehon) : \u00ab\u00a0R\u00e9flexions sur la notion de Culpabilit\u00e9\u00a0\u00bb<\/a><\/p>\n","protected":false},"excerpt":{"rendered":"<p>JOURN\u00c9ES DE RESSOURCEMENT 2026 :21 f\u00e9vrier, 28 mars, 18 avril, 14 mai (jeudi), 20 juin, 10 octobre, 7 novembre RETRAITES : \u00ab\u00a0Pri\u00e8re du Coeur\u00a0\u00bb du 30 avril au 2 mai (Eva Dehon) \u00ab\u00a0La voie de la confiance et de l&rsquo;amour avec Th\u00e9r\u00e8se de Lisieux\u00a0\u00bb du 23 au 25 octobre (Eva Dehon) \u00ab\u00a0No\u00ebl Autrement\u00a0\u00bb du 27 &hellip; <\/p>\n<p class=\"link-more\"><a href=\"https:\/\/lesmyosotis.be\/?page_id=365\" class=\"more-link\">Continuer la lecture<span class=\"screen-reader-text\"> de &laquo;&nbsp;\u00c9v\u00e9nements&nbsp;&raquo;<\/span><\/a><\/p>\n","protected":false},"author":1,"featured_media":0,"parent":0,"menu_order":0,"comment_status":"closed","ping_status":"closed","template":"","meta":{"footnotes":""},"class_list":["post-365","page","type-page","status-publish","hentry"],"_links":{"self":[{"href":"https:\/\/lesmyosotis.be\/index.php?rest_route=\/wp\/v2\/pages\/365","targetHints":{"allow":["GET"]}}],"collection":[{"href":"https:\/\/lesmyosotis.be\/index.php?rest_route=\/wp\/v2\/pages"}],"about":[{"href":"https:\/\/lesmyosotis.be\/index.php?rest_route=\/wp\/v2\/types\/page"}],"author":[{"embeddable":true,"href":"https:\/\/lesmyosotis.be\/index.php?rest_route=\/wp\/v2\/users\/1"}],"replies":[{"embeddable":true,"href":"https:\/\/lesmyosotis.be\/index.php?rest_route=%2Fwp%2Fv2%2Fcomments&post=365"}],"version-history":[{"count":46,"href":"https:\/\/lesmyosotis.be\/index.php?rest_route=\/wp\/v2\/pages\/365\/revisions"}],"predecessor-version":[{"id":872,"href":"https:\/\/lesmyosotis.be\/index.php?rest_route=\/wp\/v2\/pages\/365\/revisions\/872"}],"wp:attachment":[{"href":"https:\/\/lesmyosotis.be\/index.php?rest_route=%2Fwp%2Fv2%2Fmedia&parent=365"}],"curies":[{"name":"wp","href":"https:\/\/api.w.org\/{rel}","templated":true}]}}

Événements

<p></p>



<p>JOURNÉES DE RESSOURCEMENT 2026 :<br><a href="https://lesmyosotis.be/?page_id=368" data-type="link" data-id="https://lesmyosotis.be/?page_id=368" target="_blank" rel="noreferrer noopener">21 février, 28 mars, 18 avril, 14 mai (jeudi), 20 juin, 10 octobre, 7 novembre</a></p>



<p>RETRAITES :</p>



<p><a href="https://lesmyosotis.be/?page_id=845" data-type="page" data-id="845">« Prière du Coeur » du 30 avril au 2 mai (Eva Dehon)</a></p>



<p><a href="https://lesmyosotis.be/?page_id=850" data-type="page" data-id="850">« La voie de la confiance et de l&rsquo;amour avec Thérèse de Lisieux » du 23 au 25 octobre (Eva Dehon)</a></p>



<p><a href="?page_id=580">« Noël Autrement » du 27 au 29 novembre 2026<em>&nbsp;</em>:</a> sujet nouveau mais même concept que les années précédentes : pour les personnes ayant des difficultés avec la période de Noël, passer le premier week-end de l&rsquo;Avent « Autrement » !</p>



<p>ATELIERS :</p>



<p><a href="https://lesmyosotis.be/?page_id=706" data-type="link" data-id="https://lesmyosotis.be/?page_id=706" target="_blank" rel="noreferrer noopener">Ateliers Aquarelle (Helga Kahl) du 4 au 5 août 2026.</a></p>



<p><a href="https://lesmyosotis.be/?page_id=806">Atelier Chemins de vie du 30 au 31 octobre 2026 (Eric Jehin, Eric Dehon) : « Réflexions sur la notion de Culpabilité »</a></p>

<p>JOURNÉES DE RESSOURCEMENT 2026 :21 février, 28 mars, 18 avril, 14 mai (jeudi), 20 juin, 10 octobre, 7 novembre RETRAITES : « Prière du Coeur » du 30 avril au 2 mai (Eva Dehon) « La voie de la confiance et de l&rsquo;amour avec Thérèse de Lisieux » du 23 au 25 octobre (Eva Dehon) « Noël Autrement » du 27 &hellip; </p>
<p class="link-more"><a href="https://lesmyosotis.be/?page_id=365" class="more-link">Continuer la lecture<span class="screen-reader-text"> de &laquo;&nbsp;Événements&nbsp;&raquo;</span></a></p>
